mber?
False
Is 12353 composite?
True
Is 33805 prime?
False
Is 347357 composite?
True
Is 89878 a prime number?
False
Is 215843 a composite number?
False
Is 44054 a prime number?
False
Is 3387 composite?
True
Is 8903 prime?
False
Is 187111 prime?
True
Is 454501 composite?
False
Is 42233 prime?
False
Is 26186 prime?
False
Is 7061 prime?
False
Is 624919 a composite number?
True
Is 203 a composite number?
True
Is 18077 composite?
False
Is 92577 prime?
False
Is 36973 a prime number?
True
Is 10895 prime?
False
Is 6469 a prime number?
True
Is 29987 a composite number?
True
Is 1443655 a prime number?
False
Is 19289 a composite number?
False
Is 2513 a composite number?
True
Is 116789 prime?
True
Is 98803 composite?
True
Is 694679 a prime number?
False
Is 358789 composite?
True
Is 28699 prime?
False
Is 5003 a prime number?
True
Is 2479777 prime?
False
Is 1179223 prime?
True
Is 110711 a prime number?
True
Is 92761 a prime number?
True
Is 20627 a composite number?
False
Is 45283 a prime number?
False
Is 100387 a composite number?
True
Is 7753 composite?
False
Is 1706507 a composite number?
True
Is 71191 a composite number?
False
Is 32987 a composite number?
False
Is 36041 prime?
False
Is 44297 composite?
True
Is 11183 composite?
True
Is 12979 a prime number?
True
Is 20103 a composite number?
True
Is 1319 composite?
False
Is 30769 composite?
True
Is 2228357 prime?
False
Is 236947 prime?
True
Is 6127 prime?
False
Is 25867 composite?
False
Is 861871 a prime number?
True
Is 6689 prime?
True
Is 15679 a prime number?
True
Is 64291 prime?
False
Is 83618 a prime number?
False
Is 1513 a prime number?
False
Is 1071557 prime?
False
Is 22013 a composite number?
False
Is 19121 prime?
True
Is 177701 a composite number?
True
Is 85381 prime?
True
Is 71458 a prime number?
False
Is 21139 a composite number?
False
Is 1747 composite?
False
Is 173735 a composite number?
True
Is 405913 a prime number?
False
Is 615883 a prime number?
True
Is 33529 composite?
False
Is 24281 prime?
True
Is 125959 a composite number?
False
Is 170699 composite?
True
Is 785469 prime?
False
Is 61955 a prime number?
False
Is 2809 prime?
False
Is 673403 composite?
False
Is 7283 composite?
False
Is 175313 prime?
False
Is 298 prime?
False
Is 104579 a composite number?
False
Is 22799 a prime number?
False
Is 499295 a composite number?
True
Is 17671 composite?
True
Is 2778953 a prime number?
False
Is 18899 composite?
False
Is 5779 composite?
False
Is 40151 a prime number?
True
Is 30427 a prime number?
True
Is 193369 a composite number?
True
Is 23399 composite?
False
Is 320171 a composite number?
True
Is 72493 a composite number?
False
Is 10651 prime?
True
Is 1381 a prime number?
True
Is 44449 a composite number?
False
Is 14681 a prime number?
False
Is 11591 composite?
True
Is 10921 prime?
False
Is 138209 composite?
False
Is 12134 a prime number?
False
Is 4621073 prime?
True
Is 190261 a prime number?
True
Is 56159 a composite number?
True
Is 132497 a composite number?
True
Is 219043 a composite number?
True
Is 91727 prime?
False
Is 1406231 a composite number?
False
Is 377141 prime?
False
Is 223 composite?
False
Is 52009 a prime number?
True
Is 45613 a composite number?
False
Is 347 a composite number?
False
Is 92947 a prime number?
False
Is 8191 prime?
True
Is 352879 a prime number?
False
Is 25667 a composite number?
False
Is 355907 a prime number?
False
Is 2270441 prime?
True
Is 130993 prime?
False
Is 63641 composite?
True
Is 14141 a composite number?
True
Is 12287 a prime number?
False
Is 395673 a prime number?
False
Is 16087 prime?
True
Is 7789 a prime number?
True
Is 3238093 a prime number?
True
Is 6469 a prime number?
True
Is 4621 a prime number?
True
Is 200371 prime?
True
Is 3109 a composite number?
False
Is 23395 a prime number?
False
Is 289837 prime?
True
Is 82699 a composite number?
False
Is 56801 a composite number?
True
Is 40813 composite?
False
Is 347873 a composite number?
False
Is 821213 prime?
False
Is 647141 prime?
False
Is 9967 a prime number?
True
Is 11399 prime?
True
Is 2999 a prime number?
True
Is 176041 composite?
False
Is 821 a composite number?
False
Is 1942 a prime number?
False
Is 311513 prime?
False
Is 491 a composite number?
False
Is 21859 composite?
False
Is 293285 composite?
True
Is 118669 composite?
False
Is 947407 composite?
False
Is 3476831 prime?
False
Is 378463 prime?
True
Is 193823 a prime number?
False
Is 449 composite?
False
Is 62227 a composite number?
True
Is 54469 a composite number?
False
Is 304921 prime?
False
Is 285941 prime?
False
Is 46351 a composite number?
False
Is 1768981 a composite number?
True
Is 2254465 composite?
True
Is 185737 composite?
False
Is 196429 composite?
False
Is 1007797 a composite number?
True
Is 1712791 composite?
False
Is 18586 a composite number?
True
Is 113801 prime?
False
Is 13121 a composite number?
False
Is 772465 prime?
False
Is 80567 a prime number?
True
Is 361055 a composite number?
True
Is 66919 a prime number?
True
Is 4327 prime?
True
Is 138691 prime?
False
Is 907 prime?
True
Is 853682 composite?
True
Is 147803 a composite number?
True
Is 4045 a composite number?
True
Is 56197 composite?
False
Is 56111 prime?
False
Is 7681 prime?
True
Is 131 a composite number?
False
Is 35293 composite?
True
Is 6443 composite?
True
Is 203961 prime?
False
Is 28429 a prime number?
True
Is 49429 a prime number?
True
Is 402991 prime?
True
Is 2118005 a composite number?
True
Is 354821 composite?
True
Is 44351 prime?
True
Is 225961 composite?
False
Is 119291 a composite number?
False
Is 288193 a composite number?
True
Is 26339 composite?
False
Is 19001 a prime number?
True
Is 1943 prime?
False
Is 366109 a composite number?
True
Is 76865 a prime number?
False
Is 25199 a prime number?
False
Is 1094 composite?
True
Is 17905 a composite number?
True
Is 307 prime?
True
Is 69313 a composite number?
False
Is 930377 prime?
False
Is 60419 a composite number?
True
Is 1536923 a prime number?
False
Is 17317 a prime number?
True
Is 336761 composite?
False
Is 3593 a prime number?
True
Is 25903 prime?
True
Is 4451 prime?
True
Is 538 a prime number?
False
Is 16234 a composite number?
True
Is 18799 a prime number?
False
Is 11015 a composite number?
True
Is 829013 a prime number?
True
Is 18899 composite?
False
Is 19187 a composite number?
True
Is 2705 composite?
True
Is 5541 a prime number?
False
Is 613 prime?
True
Is 19091 composite?
True
Is 15362 prime?
False
Is 12941 a composite number?
False
Is 5287 composite?
True
Is 229819 a composite number?
False
Is 11467 a prime number?
True
Is 364985 prime?
False
Is 3511 a prime number?
True
Is 3218629 a prime number?
True
Is 57965 prime?
False
Is 27179 composite?
False
Is 77207 a prime number?
False
Is 174205 a composite number?
True
Is 126541 composite?
False
Is 574907 prime?
True
Is 61373 a composite number?
True
Is 29521 a composite number?
True
Is 8059 prime?
True
Is 853 a composite number?
False
Is 7477 composite?
False
Is 44809 prime?
True
Is 199097 composite?
True
Is 576577 composite?
False
Is 25501 a prime number?
False
Is 1537 a composite number?
True
Is 13499 composite?
False
Is 10831 a composite number?
False
Is 431911 a composite number?
False
Is 76813 a prime number?
False
Is 242399 composite?
False
Is 2503 composite?
False
Is 50501 prime?
False
Is 5347 composite?
False
Is 914293 a composite number?
False
Is 49681 prime?
True
Is 6421 composite?
False
Is 392087 a prime number?
True
Is 11957 prime?
False
Is 153191 a prime number?
True
Is 30601 composite?
True
Is 2001851 composite?
True
Is 138727 a prime number?
True
Is 950393 prime?
True
Is 1194481 a composite number?
True
Is 6469 a prime number?
True
Is 14519 a composite number?
False
Is 55235 a composite number?
True
Is 2729 a prime number?
True
Is 3647 a prime number?
False
Is 466603 a prime number?
True
Is 2968445 a prime number?
False
Is 12049 prime?
True
Is 441229 a composite number?
False
Is 556345 prime?
False
Is 68149 prime?
False
Is 204005 a prime number?
False
Is 121003 a composite number?
True
Is 2936683 a composite number?
False
Is 69413 a prime number?
False
Is 5669 a composite number?
False
Is 3708247 composite?
True
Is 7211 a composite number?
False
Is 169231 a prime number?
False
Is 1900819 prime?
False
Is 23243 a composite number?
True
Is 46974